e -s - 34 = -2*u, 5*u = -0*s + s + 91. Let p be 2/4 - (-158)/4. Let y = u + p. Calculate the remainder when y is divided by 15.
14
Calculate the remainder when ((-36108)/(-1020))/(6/40) is divided by (60/(-14))/((-3)/21).
26
Suppose 772*d + 587*d - 66591 = 0. Suppose -5*i + 6*i = 92. What is the remainder when i is divided by d?
43
Let p(j) = -42*j + 1. Let m be p(-1). Suppose -118 = -7*h + m. Let i(c) = -c**3 + 6*c**2 - 4*c + 5. Calculate the remainder when h is divided by i(5).
3
Let o be (0 + 9/1)*(-27 - -1). Calculate the remainder when (-8)/6*342/(-12) is divided by (-12)/30 + -3 + o/(-10).
18
Calculate the remainder when (3 - 4)/(2/(-48)) is divided by (117/18)/(3/6).
11
Let f be -24 + 22 - (-1170 - -1). Suppose -4*m = 3*y - 686 - f, -2*y - 5*m + 1247 = 0. Calculate the remainder when y is divided by 12.
11
Let z = -791 + 995. What is the remainder when z is divided by 170?
34
Let j(t) = -3*t**2 + 5*t + 6. Let v be j(0). Let w = -13 + 21. Calculate the remainder when 85/v - (-162)/(-972) is divided by w.
6
Let f = -116 - -292. Suppose f = -6*t + 650. Calculate the remainder when 139 is divided by t.
60
Let v = -28 + 55. Let x(y) = y**3 - 4*y**2 + 13. Calculate the remainder when x(7) is divided by v.
25
Let q(i) = -i - 1. Let v be q(-6). Suppose -v*f + 731 = 236. Let t(c) = c**3 + 4*c**2 - 33*c - 101. What is the remainder when f is divided by t(-6)?
24
Let v(o) = 38*o - 92. Calculate the remainder when v(14) is divided by 85.
15
Suppose -5*n = -0*n + 5*j - 190, n = -4*j + 38. Suppose m = d - 186, 9*m = -2*d + 8*m + 378. What is the remainder when d is divided by n?
36
Let f be 2*(-3 - (-483)/14). Suppose 3*w + 3*u - 102 = 0, -2*w + 9 = 3*u - f. What is the remainder when 59 is divided by w?
29
What is the remainder when 8697 is divided by 34/(-3 - -5) - (-9)/(-6)*-2?
17
Let a = 3315 - 2866. Calculate the remainder when a is divided by 50.
49
Suppose 2*y - z - 486 = 0, 2*y - 374 = 2*z + 116. Let o = 253 - y. What is the remainder when 32 is divided by o?
8
Suppose -2*m = -3*k - 325, -4*m + 349 = -2*m + 5*k. Let y(z) = 5*z**2 - 9*z - 15. What is the remainder when m is divided by y(-3)?
53
Let n(k) = k**2 + 27*k + 18. Calculate the remainder when (-2 + 169/(-2) - -6)*-2 is divided by n(-27).
17
Let i(h) = -48*h - 4122. Calculate the remainder when 6012 is divided by i(-88).
96
Let j(m) = -m**2 - 3*m + 6. Let c be j(-3). Let a be (146/c)/(2/(-24)*4). Let z = -52 - a. Calculate the remainder when 125 is divided by z.
20
Let j = 215 + -178. Suppose 24*n - 14*n - 630 = 0. What is the remainder when n is divided by j?
26
Let q(f) = -f**3 - 59*f**2 - 358*f - 44. Calculate the remainder when q(-53) is divided by 52.
48
Let g be (49*-1)/((-26)/(-26)). Let d = 50 + g. Calculate the remainder when 72 is divided by 21 + d + 4/((-4)/3).
15
Suppose -y - 6933 = -5*g + 9621, 3*y - 3 = 0. Calculate the remainder when g is divided by 23.
22
Let m(s) = -682*s - 3350. Calculate the remainder when 8698 is divided by m(-5).
58
Let n(c) = -7*c**3 + 2*c**2 + 20*c + 22. Let y(k) = 3*k**3 - k**2 - 10*k - 11. Let p(w) = -2*n(w) - 5*y(w). Calculate the remainder when p(0) is divided by 7.
4
Let m(v) = 2*v**2 - 2. Let u be -10 - (-539)/66 - 1/6. Calculate the remainder when m(u) is divided by 4.
2
Suppose -29*t = -24*t - 4*p - 791, -4*p = t - 187. What is the remainder when t is divided by 117?
46
Let b be (-18)/(-81) - (-25)/9. Suppose 4*a = b*t + 7*a - 237, t - 69 = 4*a. Calculate the remainder when t is divided by 40.
37
Let o be (2/4)/(7/56). Suppose -o*x = 3*w - x - 48, 0 = -4*x + 20. Suppose 0 = 5*k - 4*k - 6. Calculate the remainder when w is divided by k.
5
Let h(i) = -32*i + 6. Let x be h(3). Let a = 130 + x. Suppose 13*d - 9*d - 52 = 0. What is the remainder when a is divided by d?
1
Let y be (12/(-3) - -3) + 10. Let x be (y - (0 + 4)) + -1 + 1. Suppose 9 = 2*k + x, -3*t + 3*k + 216 = 0. What is the remainder when t is divided by 15?
14
Let r = 663 + -355. Suppose -4*i = -3*w - r, 5*w = 6*w. Calculate the remainder when 307 is divided by i.
76
Let k be 332/3*30/20. Suppose 236 = 4*i + u, 6*u - 4*u + k = 3*i. Calculate the remainder when 288 is divided by i.
56
Suppose 9*c = 3*c + 91 + 149. Calculate the remainder when c is divided by 31.
9
Let k(d) = 27*d**3 - 2*d**2 - d + 3. Let q(i) = 107*i**3 - 7*i**2 - 4*i + 13. Let r(s) = -9*k(s) + 2*q(s). What is the remainder when 81 is divided by r(-1)?
19
Suppose -3*g - 4*q + 87 = -2*g, g - 5*q - 60 = 0. What is the remainder when 973 is divided by g?
73
Suppose 142*j - 138*j - 3150 = -2*n, -j + 5*n = -760. What is the remainder when j is divided by 261?
2
Calculate the remainder when 14174 is divided by ((-27)/21 - -1)*-973.
274
Let x be (13 - 0)/(9/(-18)). Let p = -23 - x. Suppose -4*b - 352 = -3*v + b, p*b = 2*v - 235. Calculate the remainder when v is divided by 40.
39
Suppose n = 5*l + 9, n + 4846 - 4953 = -2*l. Calculate the remainder when n is divided by (-2)/(2*(-2)/12).
1
Let t(o) = -55*o - 341. What is the remainder when t(-13) is divided by 21?
17
Suppose -2*c = 4*j - 2022, -2*j + 4904 = 5*c - 127. What is the remainder when c is divided by 145?
135
Let q(t) = 4*t**3 - 7*t**2 + 18*t - 39. Calculate the remainder when 1015 is divided by q(3).
55
Let b(c) = 7*c**3 - 9*c**2 + 31*c - 21. Suppose -n - 268 = -4*f, -f + 2*n = -0*n - 60. What is the remainder when b(4) is divided by f?
67
Let j be -2 + (-432)/(-30) + 6/10. Let a(l) = -3*l + 46. Let b be a(14). Suppose -j*f = -b*f - 450. What is the remainder when f is divided by 13?
11
What is the remainder when 195 is divided by ((-1)/(-2))/(8/132 - (-4728)/(-82368))?
39
Suppose 0 = 3*p - 5*f - 97, 3*p = -12*f + 10*f + 125. Calculate the remainder when 84 is divided by p.
6
Suppose 0 = 5*q + 49*f - 53*f - 2964, 5 = -5*f. What is the remainder when q is divided by 149?
145
Suppose 212*x - 207*x = 4*d + 255, 3*x - 166 = 5*d. Calculate the remainder when 4362 is divided by x.
38
Suppose -5*f + 3*r = -338, 0 = 4*f - 2*r + 13 - 281. What is the remainder when 414 is divided by f?
30
Let l = 200 + -176. Suppose 0 = l*k - 385 - 407. What is the remainder when 194 is divided by k?
29
Let l = 1302 + -1246. What is the remainder when 276 is divided by l?
52
Suppose 59 = 8*c - 235 - 330. Calculate the remainder when 13883 is divided by c.
77
What is the remainder when (8/5)/((-3213)/1610 - (1 + -3)) is divided by 25?
18
Suppose 212*n - 120190 - 144810 = 0. What is the remainder when n is divided by 69?
8
Let i = 16 + -4. Suppose 2*h + 119 - 445 = -4*y, -320 = -4*y - 4*h. Let b = -36 + y. Calculate the remainder when b is divided by i.
11
Suppose -16*g = 3*g - 2052. Let v be 2/5 - 4/10. Suppose v = -5*k - k + g. Calculate the remainder when 31 is divided by k.
13
Let f(a) = -a**2 + 8*a + 18. Let k be f(9). Let c(n) = -2*n**2 + 19*n - 5. Let u be c(k). What is the remainder when 131 is divided by -3*((-30)/9 - u)?
21
Let j = -50 - -50. Suppose j = 6*f - 16*f + 3070. What is the remainder when f is divided by 22?
21
Let h(v) = 6*v**2 + 1 - 6*v**2 - 5 - 4*v + 3*v**3. Let k be h(-4). Calculate the remainder when 95 is divided by k/(-24)*16/5.
23
Let o be 737/5 - 6/(-10). Suppose -4*z + 5*u = -o, -2*u - 44 = -z - 10. Let x(d) = -2*d**2 - 20*d - 9. Calculate the remainder when z is divided by x(-9).
6
Suppose -289*l + 27 = -286*l. Suppose -65 = -b - l. Calculate the remainder when b is divided by 0 + 21*1 + -1.
16
Suppose 3*p + 600 = -2*p. Let y = p + 216. Let g = 45259 - 45226. Calculate the remainder when y is divided by g.
30
Let r be (-846)/(-66) + (-3 - (-210)/66). Suppose r*j = 20*j - 217. What is the remainder when j is divided by 4?
3
Let k = 12687 - 12111. What is the remainder when k is divided by 82?
2
Suppose -5*s - 7 = -2*g, -4*s - 7 = 5*g - 8*g. Calculate the remainder when 76 is divided by g.
0
Suppose 2920 = -2294*n + 2304*n. Calculate the remainder when n is divided by 37.
33
Let a = -359 - -356. Calculate the remainder when 26 is divided by 28 + -6 - 5/((-3)/a).
9
Let d(f) = -f**2 + 47*f + 120. Let g be d(42). Let n = -316 + g. What is the remainder when 18 is divided by n?
4
Let a = -7352 + 7758. Calculate the remainder when a is divided by 37.
36
Let a(q) = -q**2 - 9*q + 7. Let b be a(-8). Suppose -4*m = 4*g - 60, 2*g - g - 2*m = b. What is the remainde